{"id":1549,"date":"2021-12-11T08:18:06","date_gmt":"2021-12-11T07:18:06","guid":{"rendered":"http:\/\/www.rilke.ch\/?page_id=1549"},"modified":"2021-12-11T08:18:09","modified_gmt":"2021-12-11T07:18:09","slug":"broschueren-der-rilke-tagungen","status":"publish","type":"page","link":"https:\/\/www.rilke.ch\/?page_id=1549","title":{"rendered":"Brosch\u00fcren der Rilke-Tagungen"},"content":{"rendered":"\n<p>Als besondere Beigabe f\u00fcr die Teilnehmer der Rilke-Tagungen gestaltet Prof. Dr. Erich Unglaub seit Jahren eine Brosch\u00fcre mit Texten und Materialien zum Tagungsthema. Diese raren Sonderausgaben dienen nicht nur als Referenz w\u00e4hrend der Tagungen und zu ihrer Vor- und Nachbereitung, sie sind auch ein Mittel der Vorfreude und ein kleiner Ersatz f\u00fcr diejenigen, die an einer Tagung nicht teilnehmen konnten. Schliesslich handelt es sich um zitierf\u00e4hrige Publikationen, die auch wissenschaftlich von Interesse sind, da sie manchmal den ganz besonderen Zugang zu nicht erschlossene oder schwerst zug\u00e4nglichen Einglicken erm\u00f6glichen, wie ihn nur die Rilke-Gesellschaft bietet.<\/p>\n\n\n\n<p>Mehrere dieser Brosch\u00fcren sind nun auch als pdf-Dateien abrufbar: <\/p>\n\n\n\n<ul class=\"wp-block-list\"><li>zur Rilke-Tagung 2021 in Triest und Duino: <a rel=\"noreferrer noopener\" href=\"http:\/\/www.rilke.ch\/wordpress\/wp-content\/uploads\/Broschuere-Tagung-der-Rilke-Gesellschaft-2021-in-Triest-und-Duino.pdf\" target=\"_blank\">&#8222;Rilkes Duineser Winter&#8220;<\/a>, herausgegeben von Prof. Dr. Erich Unglaub<\/li><\/ul>\n\n\n\n<ul class=\"wp-block-list\"><li>zum Rilke-Treffen 2019 in Friedberg: <a rel=\"noreferrer noopener\" href=\"http:\/\/www.rilke.ch\/wordpress\/wp-content\/uploads\/Brosch\u00fcre-Rilke-Treffen-Friedberg-2019.pdf\" target=\"_blank\">&#8222;Rilkes Prager Erz\u00e4hlungen&#8220;<\/a>, herausgegeben von Prof. Dr. Erich Unglaub <\/li><li>zur Rilke-Tagung 2018 in Bremen: <a rel=\"noreferrer noopener\" href=\"http:\/\/www.rilke.ch\/wordpress\/wp-content\/uploads\/Rilke-in-Bremen_Broschuere-der-Rilke-Gesellschaft.pdf\" target=\"_blank\">&#8222;Rilke in Bremen&#8220;<\/a>, herausgegeben von Prof. Dr. Erich Unglaub <\/li><li>zum Rilke-Treffen 2017 in Bad Harzburg: <a rel=\"noreferrer noopener\" href=\"http:\/\/www.rilke.ch\/wordpress\/wp-content\/uploads\/Unglaub-2017-Rainer-Maria-RIlke-und-das-Drama-Broschuere.pdf\" target=\"_blank\">&#8222;Rainer Maria Rilke und das Drama&#8220;<\/a>, herausgegeben von Prof. Dr. Erich Unglaub <\/li><li>zur Rilke-Tagung 2016 in Danzig: <a rel=\"noreferrer noopener\" href=\"http:\/\/www.rilke.ch\/wordpress\/wp-content\/uploads\/Unglaub-2016-Rainer-Maria-Rilke-in-Danzig-Broschuere.pdf\" target=\"_blank\">&#8222;Rainer Maria Rilke in Danzig&#8220;<\/a>, herausgegeben von Prof. Dr. Erich Unglaub.<\/li><\/ul>\n\n\n\n<div class=\"wp-block-media-text alignwide is-stacked-on-mobile\"><figure class=\"wp-block-media-text__media\"><a href=\"http:\/\/www.rilke.ch\/wordpress\/wp-content\/uploads\/Broschuere-Tagung-der-Rilke-Gesellschaft-2021-in-Triest-und-Duino.pdf\" target=\"_blank\" rel=\"noopener\"><img loading=\"lazy\" decoding=\"async\" width=\"208\" height=\"300\" src=\"http:\/\/www.rilke.ch\/wordpress\/wp-content\/uploads\/Capture-decran-75-208x300.png\" alt=\"\" class=\"wp-image-1504 size-full\" srcset=\"https:\/\/www.rilke.ch\/wordpress\/wp-content\/uploads\/Capture-decran-75-208x300.png 208w, https:\/\/www.rilke.ch\/wordpress\/wp-content\/uploads\/Capture-decran-75-708x1024.png 708w, https:\/\/www.rilke.ch\/wordpress\/wp-content\/uploads\/Capture-decran-75.png 747w\" sizes=\"auto, (max-width: 208px) 100vw, 208px\" \/><\/a><\/figure><div class=\"wp-block-media-text__content\">\n<p class=\"has-medium-font-size\">Zur Rilke-Tagung 2021 in Triest und Duino: <a rel=\"noreferrer noopener\" href=\"http:\/\/www.rilke.ch\/wordpress\/wp-content\/uploads\/Broschuere-Tagung-der-Rilke-Gesellschaft-2021-in-Triest-und-Duino.pdf\" target=\"_blank\">&#8222;Rilkes Duineser Winter&#8220;<\/a>, herausgegeben von Prof. Dr. Erich Unglaub <\/p>\n<\/div><\/div>\n","protected":false},"excerpt":{"rendered":"<p>Als besondere Beigabe f\u00fcr die Teilnehmer der Rilke-Tagungen gestaltet Prof. Dr. Erich Unglaub seit Jahren eine Brosch\u00fcre mit Texten und Materialien zum Tagungsthema. Diese raren Sonderausgaben dienen nicht nur als Referenz w\u00e4hrend der Tagungen und zu ihrer Vor- und Nachbereitung, sie sind auch ein Mittel der Vorfreude und ein kleiner Ersatz f\u00fcr diejenigen, die an &hellip; <a href=\"https:\/\/www.rilke.ch\/?page_id=1549\" class=\"more-link\"><span class=\"screen-reader-text\">Brosch\u00fcren der Rilke-Tagungen<\/span> weiterlesen <span class=\"meta-nav\">&rarr;<\/span><\/a><\/p>\n","protected":false},"author":1,"featured_media":0,"parent":0,"menu_order":0,"comment_status":"closed","ping_status":"closed","template":"","meta":{"footnotes":""},"class_list":["post-1549","page","type-page","status-publish","hentry"],"_links":{"self":[{"href":"https:\/\/www.rilke.ch\/index.php?rest_route=\/wp\/v2\/pages\/1549","targetHints":{"allow":["GET"]}}],"collection":[{"href":"https:\/\/www.rilke.ch\/index.php?rest_route=\/wp\/v2\/pages"}],"about":[{"href":"https:\/\/www.rilke.ch\/index.php?rest_route=\/wp\/v2\/types\/page"}],"author":[{"embeddable":true,"href":"https:\/\/www.rilke.ch\/index.php?rest_route=\/wp\/v2\/users\/1"}],"replies":[{"embeddable":true,"href":"https:\/\/www.rilke.ch\/index.php?rest_route=%2Fwp%2Fv2%2Fcomments&post=1549"}],"version-history":[{"count":4,"href":"https:\/\/www.rilke.ch\/index.php?rest_route=\/wp\/v2\/pages\/1549\/revisions"}],"predecessor-version":[{"id":1559,"href":"https:\/\/www.rilke.ch\/index.php?rest_route=\/wp\/v2\/pages\/1549\/revisions\/1559"}],"wp:attachment":[{"href":"https:\/\/www.rilke.ch\/index.php?rest_route=%2Fwp%2Fv2%2Fmedia&parent=1549"}],"curies":[{"name":"wp","href":"https:\/\/api.w.org\/{rel}","templated":true}]}}

Broschüren der Rilke-Tagungen

<p>Als besondere Beigabe für die Teilnehmer der Rilke-Tagungen gestaltet Prof. Dr. Erich Unglaub seit Jahren eine Broschüre mit Texten und Materialien zum Tagungsthema. Diese raren Sonderausgaben dienen nicht nur als Referenz während der Tagungen und zu ihrer Vor- und Nachbereitung, sie sind auch ein Mittel der Vorfreude und ein kleiner Ersatz für diejenigen, die an einer Tagung nicht teilnehmen konnten. Schliesslich handelt es sich um zitierfährige Publikationen, die auch wissenschaftlich von Interesse sind, da sie manchmal den ganz besonderen Zugang zu nicht erschlossene oder schwerst zugänglichen Einglicken ermöglichen, wie ihn nur die Rilke-Gesellschaft bietet.</p>



<p>Mehrere dieser Broschüren sind nun auch als pdf-Dateien abrufbar: </p>



<ul class="wp-block-list"><li>zur Rilke-Tagung 2021 in Triest und Duino: <a rel="noreferrer noopener" href="http://www.rilke.ch/wordpress/wp-content/uploads/Broschuere-Tagung-der-Rilke-Gesellschaft-2021-in-Triest-und-Duino.pdf" target="_blank">&#8222;Rilkes Duineser Winter&#8220;</a>, herausgegeben von Prof. Dr. Erich Unglaub</li></ul>



<ul class="wp-block-list"><li>zum Rilke-Treffen 2019 in Friedberg: <a rel="noreferrer noopener" href="http://www.rilke.ch/wordpress/wp-content/uploads/Broschüre-Rilke-Treffen-Friedberg-2019.pdf" target="_blank">&#8222;Rilkes Prager Erzählungen&#8220;</a>, herausgegeben von Prof. Dr. Erich Unglaub </li><li>zur Rilke-Tagung 2018 in Bremen: <a rel="noreferrer noopener" href="http://www.rilke.ch/wordpress/wp-content/uploads/Rilke-in-Bremen_Broschuere-der-Rilke-Gesellschaft.pdf" target="_blank">&#8222;Rilke in Bremen&#8220;</a>, herausgegeben von Prof. Dr. Erich Unglaub </li><li>zum Rilke-Treffen 2017 in Bad Harzburg: <a rel="noreferrer noopener" href="http://www.rilke.ch/wordpress/wp-content/uploads/Unglaub-2017-Rainer-Maria-RIlke-und-das-Drama-Broschuere.pdf" target="_blank">&#8222;Rainer Maria Rilke und das Drama&#8220;</a>, herausgegeben von Prof. Dr. Erich Unglaub </li><li>zur Rilke-Tagung 2016 in Danzig: <a rel="noreferrer noopener" href="http://www.rilke.ch/wordpress/wp-content/uploads/Unglaub-2016-Rainer-Maria-Rilke-in-Danzig-Broschuere.pdf" target="_blank">&#8222;Rainer Maria Rilke in Danzig&#8220;</a>, herausgegeben von Prof. Dr. Erich Unglaub.</li></ul>



<div class="wp-block-media-text alignwide is-stacked-on-mobile"><figure class="wp-block-media-text__media"><a href="http://www.rilke.ch/wordpress/wp-content/uploads/Broschuere-Tagung-der-Rilke-Gesellschaft-2021-in-Triest-und-Duino.pdf" target="_blank" rel="noopener"><img loading="lazy" decoding="async" width="208" height="300" src="http://www.rilke.ch/wordpress/wp-content/uploads/Capture-decran-75-208x300.png" alt="" class="wp-image-1504 size-full" srcset="https://www.rilke.ch/wordpress/wp-content/uploads/Capture-decran-75-208x300.png 208w, https://www.rilke.ch/wordpress/wp-content/uploads/Capture-decran-75-708x1024.png 708w, https://www.rilke.ch/wordpress/wp-content/uploads/Capture-decran-75.png 747w" sizes="auto, (max-width: 208px) 100vw, 208px" /></a></figure><div class="wp-block-media-text__content">
<p class="has-medium-font-size">Zur Rilke-Tagung 2021 in Triest und Duino: <a rel="noreferrer noopener" href="http://www.rilke.ch/wordpress/wp-content/uploads/Broschuere-Tagung-der-Rilke-Gesellschaft-2021-in-Triest-und-Duino.pdf" target="_blank">&#8222;Rilkes Duineser Winter&#8220;</a>, herausgegeben von Prof. Dr. Erich Unglaub </p>
</div></div>

<p>Als besondere Beigabe für die Teilnehmer der Rilke-Tagungen gestaltet Prof. Dr. Erich Unglaub seit Jahren eine Broschüre mit Texten und Materialien zum Tagungsthema. Diese raren Sonderausgaben dienen nicht nur als Referenz während der Tagungen und zu ihrer Vor- und Nachbereitung, sie sind auch ein Mittel der Vorfreude und ein kleiner Ersatz für diejenigen, die an &hellip; <a href="https://www.rilke.ch/?page_id=1549" class="more-link"><span class="screen-reader-text">Broschüren der Rilke-Tagungen</span> weiterlesen <span class="meta-nav">&rarr;</span></a></p>
