{"id":1185,"date":"2019-02-22T16:04:04","date_gmt":"2019-02-22T15:04:04","guid":{"rendered":"http:\/\/www.rilke.ch\/?page_id=1185"},"modified":"2026-02-19T20:49:53","modified_gmt":"2026-02-19T19:49:53","slug":"informationspflichten-nach-artikel-13-und-14-dsgvo","status":"publish","type":"page","link":"https:\/\/www.rilke.ch\/?page_id=1185","title":{"rendered":"Informationspflichten nach Artikel 13 und 14 DSGVO"},"content":{"rendered":"\n<p>Nach Artikel 13 und 14 EU-DSGVO hat der Verantwortliche einer betroffenen Person, deren Daten er verarbeitet, die in den Artikeln genannten Informationen bereit zu stellen. Dieser Informationspflicht gegen\u00fcber den Mitgliedern der Rilke-Gesellschaft kommt diese Seite nach.<\/p>\n\n\n\n<ol class=\"wp-block-list\">\n<li>Namen und Kontaktdaten des Verantwortlichen sowie gegebenenfalls seiner Vertreter: <\/li>\n<\/ol>\n\n\n\n<p>Sekretariat der Rilke-Gesellschaft, Prof. Dr. Renate Breuninger, Am Schinderwasen 18, 89134 Blaustein oder als Scan an sekretariat@rilke.ch.<\/p>\n\n\n\n<ol class=\"wp-block-list\">\n<li>Kontaktdaten des Datenschutzbeauftragten\/der Datenschutzbeauftragten:<\/li>\n<\/ol>\n\n\n\n<p>Die Rilke-Gesellschaft ben\u00f6tigt nach der DSGVO aufgrund der geringen Anzahl an Personen, die mit Personenbezogenen Daten in Kontakt kommen, keinen Datenschutzbeauftragten. Zust\u00e4ndig f\u00fcr Fragen des Datenschutzes ist Elvira Lauscher. Sie erreichen sie per Mail unter webmaster@rilke.ch<\/p>\n\n\n\n<ol class=\"wp-block-list\">\n<li>Zwecke, f\u00fcr die personenbezogenen Daten verarbeitet werden:<\/li>\n<\/ol>\n\n\n\n<p>Die personenbezogenen Daten werden f\u00fcr die Durchf\u00fchrung des Mitgliedschaftsverh\u00e4ltnisses verarbeitet (z.B. Einladung zu Versammlungen, Abwicklung der Mitgliedsbeitr\u00e4ge, Organisation der Tagungen und Treffen der Rilke-Gesellaschaft).<\/p>\n\n\n\n<p>Rechtsgrundlagen, auf Grund derer die Verarbeitung erfolgt:<\/p>\n\n\n\n<p>Die Verarbeitung der personenbezogenen Daten erfolgt in der Regel aufgrund der Erforderlichkeit zur Erf\u00fcllung des Vereinszwecks wie oben dargestellt.  <\/p>\n\n\n\n<p>Werden personenbezogene Daten erhoben, ohne dass die Verarbeitung zur Erf\u00fcllung des Vereinszwecks erfolgt, erfolgt die Verarbeitung nur aufgrund einer expliziten Einwilligung nach Artikel 6 Abs. 1 lit. a) i.V.m. Artikel 7 DSGVO. <\/p>\n\n\n\n<p>Die Empf\u00e4nger oder Kategorien von Empf\u00e4ngern der personenbezogenen Daten:<\/p>\n\n\n\n<p>Personenbezogene Daten der Mitglieder werden nur durch das Sekretariat sowie ggf. die f\u00fcr die Verfolgung jeweiliger Vereinszwecke beauftragten Personen verarbeitet (z.B. das f\u00fcr die junge Forschung zust\u00e4ndige Vorstandsmitglied)<\/p>\n\n\n\n<p>Die Dauer, f\u00fcr die die personenbezogenen Daten gespeichert werden oder, falls dies nicht m\u00f6glich ist, die Kriterien f\u00fcr die Festlegung der Dauer:<\/p>\n\n\n\n<p>Die personenbezogenen Daten werden f\u00fcr die Dauer der Mitgliedschaft gespeichert. <br>\nMit Beendigung der Mitgliedschaft werden die Datenkategorien gem\u00e4\u00df den gesetzlichen Aufbewahrungsfristen weitere zehn Jahre vorgehalten und dann gel\u00f6scht. In der Zeit zwischen Beendigung der Mitgliedschaft und der L\u00f6schung wird die Verarbeitung dieser Daten eingeschr\u00e4nkt. <\/p>\n\n\n\n<p>Bestimmte Datenkategorien werden zum Zweck der Vereinschronik im Vereinsarchiv gespeichert. Hierbei handelt es sich um die Kategorien Vorname und Nachname. Der Speicherung liegt ein berechtigtes Interesse des Vereins an der zeitgeschichtlichen Dokumentation seiner T\u00e4tigkeit zugrunde.<\/p>\n\n\n\n<p>Alle Daten der \u00fcbrigen Kategorien (z.B. Bankdaten, Anschrift, Kontaktdaten) werden mit Beendigung der Mitgliedschaft gel\u00f6scht.<\/p>\n\n\n\n<ol class=\"wp-block-list\">\n<li>Der betroffenen Person stehen unter den in den Artikeln jeweils genannten Voraussetzungen die nachfolgenden Rechte zu:<\/li>\n<\/ol>\n\n\n\n<ul class=\"wp-block-list\">\n<li>das Recht auf Auskunft nach Artikel 15 DSGVO,<\/li>\n\n\n\n<li>das Recht auf Berichtigung nach Artikel 16 DSGVO,<\/li>\n\n\n\n<li>das Recht auf L\u00f6schung nach Artikel 17 DSGVO,<\/li>\n\n\n\n<li>das Recht auf Einschr\u00e4nkung der Verarbeitung nach Artikel 18 DSGVO,<\/li>\n\n\n\n<li>das Recht auf Daten\u00fcbertragbarkeit nach Artikel 20 DSGVO,<\/li>\n\n\n\n<li>das Widerspruchsrecht nach Artikel 21 DSGVO,<\/li>\n\n\n\n<li>das Recht auf Beschwerde bei einer Aufsichtsbeh\u00f6rde nach Artikel 77 DSGVO<\/li>\n\n\n\n<li>das Recht, eine erteilte Einwilligung jederzeit widerrufen zu k\u00f6nnen, ohne dass die Rechtm\u00e4\u00dfigkeit der aufgrund der Einwilligung bis zum Widerruf erfolgten Verarbeitung hierdurch ber\u00fchrt wird.<\/li>\n<\/ul>\n\n\n\n<ol class=\"wp-block-list\">\n<li>Die Quelle, aus der die personenbezogenen Daten stammen:<\/li>\n<\/ol>\n\n\n\n<p>Die personenbezogenen Daten werden grunds\u00e4tzlich im Rahmen des Erwerbs der Mitgliedschaft erhoben. <\/p>\n\n\n\n<p>Ende der Informationspflicht<br>Stand: April 2018<\/p>\n","protected":false},"excerpt":{"rendered":"<p>Nach Artikel 13 und 14 EU-DSGVO hat der Verantwortliche einer betroffenen Person, deren Daten er verarbeitet, die in den Artikeln genannten Informationen bereit zu stellen. Dieser Informationspflicht gegen\u00fcber den Mitgliedern der Rilke-Gesellschaft kommt diese Seite nach. Sekretariat der Rilke-Gesellschaft, Prof. Dr. Renate Breuninger, Am Schinderwasen 18, 89134 Blaustein oder als Scan an sekretariat@rilke.ch. Die Rilke-Gesellschaft &hellip; <a href=\"https:\/\/www.rilke.ch\/?page_id=1185\" class=\"more-link\"><span class=\"screen-reader-text\">Informationspflichten nach Artikel 13 und 14 DSGVO<\/span> weiterlesen <span class=\"meta-nav\">&rarr;<\/span><\/a><\/p>\n","protected":false},"author":1,"featured_media":0,"parent":0,"menu_order":0,"comment_status":"closed","ping_status":"closed","template":"","meta":{"footnotes":""},"class_list":["post-1185","page","type-page","status-publish","hentry"],"_links":{"self":[{"href":"https:\/\/www.rilke.ch\/index.php?rest_route=\/wp\/v2\/pages\/1185","targetHints":{"allow":["GET"]}}],"collection":[{"href":"https:\/\/www.rilke.ch\/index.php?rest_route=\/wp\/v2\/pages"}],"about":[{"href":"https:\/\/www.rilke.ch\/index.php?rest_route=\/wp\/v2\/types\/page"}],"author":[{"embeddable":true,"href":"https:\/\/www.rilke.ch\/index.php?rest_route=\/wp\/v2\/users\/1"}],"replies":[{"embeddable":true,"href":"https:\/\/www.rilke.ch\/index.php?rest_route=%2Fwp%2Fv2%2Fcomments&post=1185"}],"version-history":[{"count":3,"href":"https:\/\/www.rilke.ch\/index.php?rest_route=\/wp\/v2\/pages\/1185\/revisions"}],"predecessor-version":[{"id":2007,"href":"https:\/\/www.rilke.ch\/index.php?rest_route=\/wp\/v2\/pages\/1185\/revisions\/2007"}],"wp:attachment":[{"href":"https:\/\/www.rilke.ch\/index.php?rest_route=%2Fwp%2Fv2%2Fmedia&parent=1185"}],"curies":[{"name":"wp","href":"https:\/\/api.w.org\/{rel}","templated":true}]}}

<p>Nach Artikel 13 und 14 EU-DSGVO hat der Verantwortliche einer betroffenen Person, deren Daten er verarbeitet, die in den Artikeln genannten Informationen bereit zu stellen. Dieser Informationspflicht gegenüber den Mitgliedern der Rilke-Gesellschaft kommt diese Seite nach.</p>



<ol class="wp-block-list">
<li>Namen und Kontaktdaten des Verantwortlichen sowie gegebenenfalls seiner Vertreter: </li>
</ol>



<p>Sekretariat der Rilke-Gesellschaft, Prof. Dr. Renate Breuninger, Am Schinderwasen 18, 89134 Blaustein oder als Scan an sekretariat@rilke.ch.</p>



<ol class="wp-block-list">
<li>Kontaktdaten des Datenschutzbeauftragten/der Datenschutzbeauftragten:</li>
</ol>



<p>Die Rilke-Gesellschaft benötigt nach der DSGVO aufgrund der geringen Anzahl an Personen, die mit Personenbezogenen Daten in Kontakt kommen, keinen Datenschutzbeauftragten. Zuständig für Fragen des Datenschutzes ist Elvira Lauscher. Sie erreichen sie per Mail unter webmaster@rilke.ch</p>



<ol class="wp-block-list">
<li>Zwecke, für die personenbezogenen Daten verarbeitet werden:</li>
</ol>



<p>Die personenbezogenen Daten werden für die Durchführung des Mitgliedschaftsverhältnisses verarbeitet (z.B. Einladung zu Versammlungen, Abwicklung der Mitgliedsbeiträge, Organisation der Tagungen und Treffen der Rilke-Gesellaschaft).</p>



<p>Rechtsgrundlagen, auf Grund derer die Verarbeitung erfolgt:</p>



<p>Die Verarbeitung der personenbezogenen Daten erfolgt in der Regel aufgrund der Erforderlichkeit zur Erfüllung des Vereinszwecks wie oben dargestellt.  </p>



<p>Werden personenbezogene Daten erhoben, ohne dass die Verarbeitung zur Erfüllung des Vereinszwecks erfolgt, erfolgt die Verarbeitung nur aufgrund einer expliziten Einwilligung nach Artikel 6 Abs. 1 lit. a) i.V.m. Artikel 7 DSGVO. </p>



<p>Die Empfänger oder Kategorien von Empfängern der personenbezogenen Daten:</p>



<p>Personenbezogene Daten der Mitglieder werden nur durch das Sekretariat sowie ggf. die für die Verfolgung jeweiliger Vereinszwecke beauftragten Personen verarbeitet (z.B. das für die junge Forschung zuständige Vorstandsmitglied)</p>



<p>Die Dauer, für die die personenbezogenen Daten gespeichert werden oder, falls dies nicht möglich ist, die Kriterien für die Festlegung der Dauer:</p>



<p>Die personenbezogenen Daten werden für die Dauer der Mitgliedschaft gespeichert. <br>
Mit Beendigung der Mitgliedschaft werden die Datenkategorien gemäß den gesetzlichen Aufbewahrungsfristen weitere zehn Jahre vorgehalten und dann gelöscht. In der Zeit zwischen Beendigung der Mitgliedschaft und der Löschung wird die Verarbeitung dieser Daten eingeschränkt. </p>



<p>Bestimmte Datenkategorien werden zum Zweck der Vereinschronik im Vereinsarchiv gespeichert. Hierbei handelt es sich um die Kategorien Vorname und Nachname. Der Speicherung liegt ein berechtigtes Interesse des Vereins an der zeitgeschichtlichen Dokumentation seiner Tätigkeit zugrunde.</p>



<p>Alle Daten der übrigen Kategorien (z.B. Bankdaten, Anschrift, Kontaktdaten) werden mit Beendigung der Mitgliedschaft gelöscht.</p>



<ol class="wp-block-list">
<li>Der betroffenen Person stehen unter den in den Artikeln jeweils genannten Voraussetzungen die nachfolgenden Rechte zu:</li>
</ol>



<ul class="wp-block-list">
<li>das Recht auf Auskunft nach Artikel 15 DSGVO,</li>



<li>das Recht auf Berichtigung nach Artikel 16 DSGVO,</li>



<li>das Recht auf Löschung nach Artikel 17 DSGVO,</li>



<li>das Recht auf Einschränkung der Verarbeitung nach Artikel 18 DSGVO,</li>



<li>das Recht auf Datenübertragbarkeit nach Artikel 20 DSGVO,</li>



<li>das Widerspruchsrecht nach Artikel 21 DSGVO,</li>



<li>das Recht auf Beschwerde bei einer Aufsichtsbehörde nach Artikel 77 DSGVO</li>



<li>das Recht, eine erteilte Einwilligung jederzeit widerrufen zu können, ohne dass die Rechtmäßigkeit der aufgrund der Einwilligung bis zum Widerruf erfolgten Verarbeitung hierdurch berührt wird.</li>
</ul>



<ol class="wp-block-list">
<li>Die Quelle, aus der die personenbezogenen Daten stammen:</li>
</ol>



<p>Die personenbezogenen Daten werden grundsätzlich im Rahmen des Erwerbs der Mitgliedschaft erhoben. </p>



<p>Ende der Informationspflicht<br>Stand: April 2018</p>

<p>Nach Artikel 13 und 14 EU-DSGVO hat der Verantwortliche einer betroffenen Person, deren Daten er verarbeitet, die in den Artikeln genannten Informationen bereit zu stellen. Dieser Informationspflicht gegenüber den Mitgliedern der Rilke-Gesellschaft kommt diese Seite nach. Sekretariat der Rilke-Gesellschaft, Prof. Dr. Renate Breuninger, Am Schinderwasen 18, 89134 Blaustein oder als Scan an sekretariat@rilke.ch. Die Rilke-Gesellschaft &hellip; <a href="https://www.rilke.ch/?page_id=1185" class="more-link"><span class="screen-reader-text">Informationspflichten nach Artikel 13 und 14 DSGVO</span> weiterlesen <span class="meta-nav">&rarr;</span></a></p>
