{"id":109,"date":"2013-05-06T21:55:47","date_gmt":"2013-05-06T20:55:47","guid":{"rendered":"http:\/\/www.rilke.ch\/?page_id=109"},"modified":"2026-01-08T18:21:53","modified_gmt":"2026-01-08T17:21:53","slug":"impressum","status":"publish","type":"page","link":"https:\/\/www.rilke.ch\/?page_id=109","title":{"rendered":"Impressum"},"content":{"rendered":"<p><b>Internationale Rilke-Gesellschaft<br \/>\n<\/b>Sitz: Schweiz. Nationalbibliothek, Bern<\/p>\n<div><strong>Kontakt:<\/strong><\/div>\n<div>Sekretariat<\/div>\n<div>Prof. Dr. Renate Breuninger, Am Schinderwasen 18, 89134 Blaustein<\/div>\n<div>e-mail: <a class=\"email-address link-standard\" href=\"https:\/\/mein.ionos.de\/email-account-details\/forward\/10628167\">sekretariat@rilke.ch<\/a><\/div>\n<p>Webmaster: webmaster@rilke.ch<\/p>\n<p><em id=\"__mceDel\"><em id=\"__mceDel\"><em id=\"__mceDel\">Haftungshinweis: Trotz sorgf\u00e4ltiger inhaltlicher Kontrolle \u00fcbernehmen wir keine Haftung f\u00fcr die Inhalte externer Links. F\u00fcr den Inhalt der verlinkten Seiten sind ausschlie\u00dflich deren Betreiber verantwortlich.<\/em><\/em><\/em><\/p>\n","protected":false},"excerpt":{"rendered":"<p>Internationale Rilke-Gesellschaft Sitz: Schweiz. Nationalbibliothek, Bern Kontakt: Sekretariat Prof. Dr. Renate Breuninger, Am Schinderwasen 18, 89134 Blaustein e-mail: sekretariat@rilke.ch Webmaster: webmaster@rilke.ch Haftungshinweis: Trotz sorgf\u00e4ltiger inhaltlicher Kontrolle \u00fcbernehmen wir keine Haftung f\u00fcr die Inhalte externer Links. F\u00fcr den Inhalt der verlinkten Seiten sind ausschlie\u00dflich deren Betreiber verantwortlich.<\/p>\n","protected":false},"author":1,"featured_media":0,"parent":0,"menu_order":0,"comment_status":"closed","ping_status":"closed","template":"","meta":{"footnotes":""},"class_list":["post-109","page","type-page","status-publish","hentry"],"_links":{"self":[{"href":"https:\/\/www.rilke.ch\/index.php?rest_route=\/wp\/v2\/pages\/109","targetHints":{"allow":["GET"]}}],"collection":[{"href":"https:\/\/www.rilke.ch\/index.php?rest_route=\/wp\/v2\/pages"}],"about":[{"href":"https:\/\/www.rilke.ch\/index.php?rest_route=\/wp\/v2\/types\/page"}],"author":[{"embeddable":true,"href":"https:\/\/www.rilke.ch\/index.php?rest_route=\/wp\/v2\/users\/1"}],"replies":[{"embeddable":true,"href":"https:\/\/www.rilke.ch\/index.php?rest_route=%2Fwp%2Fv2%2Fcomments&post=109"}],"version-history":[{"count":15,"href":"https:\/\/www.rilke.ch\/index.php?rest_route=\/wp\/v2\/pages\/109\/revisions"}],"predecessor-version":[{"id":1985,"href":"https:\/\/www.rilke.ch\/index.php?rest_route=\/wp\/v2\/pages\/109\/revisions\/1985"}],"wp:attachment":[{"href":"https:\/\/www.rilke.ch\/index.php?rest_route=%2Fwp%2Fv2%2Fmedia&parent=109"}],"curies":[{"name":"wp","href":"https:\/\/api.w.org\/{rel}","templated":true}]}}