{"id":1942,"date":"2025-12-07T12:57:28","date_gmt":"2025-12-07T11:57:28","guid":{"rendered":"https:\/\/www.rilke.ch\/?page_id=1942"},"modified":"2026-04-03T19:43:49","modified_gmt":"2026-04-03T18:43:49","slug":"rilke-treffen-2026-2","status":"publish","type":"page","link":"http:\/\/www.rilke.ch\/?page_id=1942","title":{"rendered":"Rilke-Treffen 2026"},"content":{"rendered":"\n<p class=\"has-large-font-size\"><strong>Rilke im Archiv<\/strong><\/p>\n\n\n\n<p class=\"has-medium-font-size\"><strong>18.-20. September 2026, Deutsches Literaturarchiv Marbach<\/strong><\/p>\n\n\n\n<p><strong>Unsere Mitglieder und alle Interessierten sind herzlich zur Teilnahme eingeladen!<\/strong><\/p>\n\n\n\n<p><strong>Programm<\/strong><\/p>\n\n\n\n<p>Im Herbst 2022 ist das im Besitz der Familie Sieber-Rilke befindliche Rilke-Archiv aus Gernsbach ins Deutsche Literaturarchiv Marbach gekommen. Sandra Richter hat uns auf dem Rilke-Treffen 2023 in Sierre einen ersten Einblick in den umfangreichen Bestand gegeben, 2024 wurden wir in Hermannsburg von Martina Stecker \u00fcber den Stand der Erschlie\u00dfung informiert und 2025 in Prag konnten bereits mehrere Vortragende mit dem Archivmaterial arbeiten, darunter Ulrich von B\u00fclow im Hinblick auf Rilkes philosophische Studien. Zudem hat uns Sandra Richter erste Publikationen vorgestellt, die auf den Bestand zur\u00fcckgehen. Mittlerweile ist die Erschlie\u00dfung abgeschlossen \u2013 ein guter Zeitpunkt, so scheint uns, mit der Rilke-Gesellschaft nach Marbach zu kommen, um sich vor Ort einen \u00dcberblick verschaffen und einige der Rilke-Sch\u00e4tze genauer kennenlernen zu k\u00f6nnen. Dazu l\u00e4dt auch die gro\u00dfe Ausstellung \u201aUnd dann und wann ein wei\u00dfer Elefant. Rilkes Welten\u2018 im Marbacher Literaturmuseum der Moderne ein, die zu Rilkes 150. Geburtstag am 4. Dezember 2025 er\u00f6ffnet worden ist und w\u00e4hrend unseres Treffens besucht werden kann.<\/p>\n\n\n\n<p>Er\u00f6ffnet wird das Programm am Freitagabend von Lesung und Gespr\u00e4ch mit der <strong>Schriftstellerin Julia Franck<\/strong>, die sich in ihrem aktuellen Buch \u201eIch ertrinke in den Wassern meiner eigenen Liebe\u201c mit Baladine Klossowska und deren Beziehung zu Rilke besch\u00e4ftigt. Am Samstag und Sonntag bieten wie \u2013 wie immer auf den Rilke-Treffen \u2013 Vortr\u00e4ge und Workshops an. Zum Abschluss wird uns <strong>Vera Hildenbrandt<\/strong> einen Einblick in die Konzeption der aktuellen Rilke-Ausstellung geben. Die in den Vortr\u00e4gen und Workshops behandelten Texte werden von <strong>Benjamin Krutzky<\/strong> in einer kleinen <strong>Tagungsbrosch\u00fcre<\/strong> zusammengestellt, die alle Angemeldeten noch vor der Tagung erreicht.<\/p>\n\n\n\n<p>Am Samstagnachmittag wird uns eine kleine <strong>Exkursion zum Schloss Beilstein<\/strong> f\u00fchren, das um 1900 im Besitz der Familie Vollmoeller war, aus deren Kreis Rilke insbesondere mit der Malerin Mathilde Vollmoeller in engem Kontakt stand. Nach einer F\u00fchrung wird es dort ein dreig\u00e4ngiges Abendessen geben, f\u00fcr das die Kosten 30 \u20ac betragen (inkl. Wasser und Bustransfer). Die Teilnahme an der Exkursion wird im Formular zur Tagungsanmeldung abgefragt. F\u00fcr die Organisation danken wir <strong>Alfred Hagemann<\/strong> sehr herzlich!<\/p>\n\n\n\n<p>Vor Beginn und nach Abschluss unseres Treffens wird es die M\u00f6glichkeit geben, an <strong>F\u00fchrungen durch das DLA sowie durch die Rilke-Ausstellung<\/strong> teilzunehmen. Die Informationen zur Anmeldung f\u00fcr die F\u00fchrungen erhalten Sie im Mai in einer Rundmail.<\/p>\n\n\n\n<p>Das Programm finden Sie <a href=\"http:\/\/www.rilke.ch\/wordpress\/wp-content\/uploads\/Rilke-Treffen-2026_Programm_Stand_Maerz-2026.pdf\" data-type=\"link\" data-id=\"http:\/\/www.rilke.ch\/wordpress\/wp-content\/uploads\/Rilke-Treffen-2026_Programm_Stand_Maerz-2026.pdf\">hier<\/a>.<\/p>\n\n\n\n<p><strong>Anreise<\/strong><\/p>\n\n\n\n<p>Sie k\u00f6nnen das DLA Marbach gut mit <strong>\u00f6ffentlichen Verkehrsmitteln<\/strong> erreichen. Ab Stuttgart Hbf fahren Sie mit der S-Bahnlinie 4 (Richtung Marbach \/ Backnang) bis Marbach, Fahrzeit: ca. 30 Minuten. Ab Bahnhof Marbach mit Buslinie 457 (Richtung H\u00f6rnle) bis Haltestelle \u201aSchillerh\u00f6he\u2018 Fahrtzeit ca. 5 Minuten. Das Archivgeb\u00e4ude und die Literaturmuseen befinden sich in ca. 200 m Entfernung, der Fu\u00dfweg ist ausgeschildert. Wer mit dem <strong>Auto<\/strong> anreist, findet Parkm\u00f6glichkeiten vor dem Archivgeb\u00e4ude und in der Umgebung.<\/p>\n\n\n\n<p><strong>Unterbringung<\/strong><\/p>\n\n\n\n<p>Das <strong>Parkhotel Schillerh\u00f6he <\/strong>(<a href=\"http:\/\/www.parkhotel-schillerhoehe.de\">www.parkhotel-schillerhoehe.de<\/a>), das sich in unmittelbarer N\u00e4he des DLA befindet, hat uns ein begrenztes Kontingent mit Sonderkonditionen zur Verf\u00fcgung gestellt. Die Kosten \u2013 inkl. Fr\u00fchst\u00fcck und Parkplatz \u2013 betragen f\u00fcr ein Einzelzimmer 105 \u20ac, f\u00fcr ein Doppelzimmer 155 \u20ac. Falls Sie diese Option nutzen m\u00f6chten, melden Sie sich bitte bis zum 30. April mit dem Stichwort \u201aRilke-Gesellschaft\u2018 direkt im Hotel (07144\/905-0, Email: <a href=\"mailto:info@parkhotel-schillerhoehe.de\">info@parkhotel-schillerhoehe.de<\/a>). Insbesondere f\u00fcr Studierende und Promovierende bietet das DLA eine Unterbringung im <strong>Collegienhaus<\/strong> an (45 \u20ac im EZ, f\u00fcr Studierende 32 \u20ac, ohne Fr\u00fchst\u00fcck), Infos unter <a href=\"https:\/\/www.dla-marbach.de\/service\/unterkunft-im-collegienhaus\/\">https:\/\/www.dla-marbach.de\/service\/unterkunft-im-collegienhaus\/<\/a>. Bitte melden Sie sich bei Interesse bis zum 30. April unter Angabe des Stichwortes \u201aRilke-Gesellschaft\u2018 unter <a href=\"mailto:collegienhaus@dla-marbach.de\">collegienhaus@dla-marbach.de<\/a> an.<br><strong>Weitere \u00dcbernachtungsm\u00f6glichkeiten<\/strong> in der N\u00e4he finden Sie in einer Hotel\u00fcbersicht <a href=\"http:\/\/www.rilke.ch\/wordpress\/wp-content\/uploads\/Unterkuenfte-Marbach-und-Umgebung.pdf\" data-type=\"link\" data-id=\"http:\/\/www.rilke.ch\/wordpress\/wp-content\/uploads\/Unterkuenfte-Marbach-und-Umgebung.pdf\">hier<\/a>. <\/p>\n\n\n\n<p><strong>Tagungsgeb\u00fchren &amp; Anmeldung<\/strong><\/p>\n\n\n\n<p>Die<strong> Tagungsgeb\u00fchren <\/strong>betragen:<\/p>\n\n\n\n<ul class=\"wp-block-list\">\n<li>f\u00fcr Mitglieder: 70 \u20ac (Doppelmitglieder 110 \u20ac)<\/li>\n\n\n\n<li>f\u00fcr Nichtmitglieder: 90 \u20ac (Paare 130 \u20ac)<\/li>\n\n\n\n<li>f\u00fcr Studierende\/Promovierende\/befristet Besch\u00e4ftigte\/Erwerbslose etc.: 20 \u20ac<\/li>\n<\/ul>\n\n\n\n<p>Da die<strong> Zahl der Teilnehmenden auf 60 begrenzt<\/strong> ist, empfehlen wir Ihnen eine rechtzeitige Anmeldung. Die <strong>Anmeldung <\/strong>erfolgt ausschlie\u00dflich online und ist <strong>bi<\/strong><strong>s zum 30.6. freigeschaltet<\/strong>; sie gilt, sobald Sie die Tagungsgeb\u00fchr sowie (falls Sie Mitglied der Rilke-Gesellschaft sind) den Jahresbeitrag f\u00fcr 2026 \u00fcberwiesen haben. Bei einer <strong>Stornierung vor dem 4.9.<\/strong> k\u00f6nnen wir Ihnen 50% der Geb\u00fchr zur\u00fcckerstatten, danach leider nicht mehr. Bitte \u00fcberweisen Sie den Tagungsbeitrag (gegebenenfalls plus 30 \u20ac f\u00fcr das Abendessen am Samstag) auf das folgende Konto:<\/p>\n\n\n\n<p>Postbank Hamburg<br>IBAN: DE 20 6001 0070 0001 8547 09<br>BIC: PBNKDEFF<\/p>\n\n\n\n<p>Zur Anmeldung geht es <a href=\"https:\/\/docs.google.com\/forms\/d\/e\/1FAIpQLSdXF9uWr_P2GhjS8SIq50As1Oe7eexkpqlWR4XCbv011Uf8Sw\/viewform?usp=dialog\" data-type=\"link\" data-id=\"https:\/\/docs.google.com\/forms\/d\/e\/1FAIpQLSdXF9uWr_P2GhjS8SIq50As1Oe7eexkpqlWR4XCbv011Uf8Sw\/viewform?usp=dialog\">hier<\/a>.<\/p>\n\n\n\n<p>Bei <strong>Fragen<\/strong> wenden Sie sich bitte an Renate Breuninger (<a href=\"mailto:sekretariat@rilke.ch\">sekretariat@rilke.ch<\/a>).<\/p>\n\n\n\n<p>Wir freuen uns auf die Tage mit Ihnen!<\/p>\n\n\n\n<p><\/p>\n","protected":false},"excerpt":{"rendered":"<p>Rilke im Archiv 18.-20. September 2026, Deutsches Literaturarchiv Marbach Unsere Mitglieder und alle Interessierten sind herzlich zur Teilnahme eingeladen! Programm Im Herbst 2022 ist das im Besitz der Familie Sieber-Rilke befindliche Rilke-Archiv aus Gernsbach ins Deutsche Literaturarchiv Marbach gekommen. Sandra Richter hat uns auf dem Rilke-Treffen 2023 in Sierre einen ersten Einblick in den umfangreichen &hellip; <a href=\"http:\/\/www.rilke.ch\/?page_id=1942\" class=\"more-link\"><span class=\"screen-reader-text\">Rilke-Treffen 2026<\/span> weiterlesen <span class=\"meta-nav\">&rarr;<\/span><\/a><\/p>\n","protected":false},"author":1,"featured_media":0,"parent":0,"menu_order":0,"comment_status":"closed","ping_status":"closed","template":"","meta":{"footnotes":""},"class_list":["post-1942","page","type-page","status-publish","hentry"],"_links":{"self":[{"href":"http:\/\/www.rilke.ch\/index.php?rest_route=\/wp\/v2\/pages\/1942","targetHints":{"allow":["GET"]}}],"collection":[{"href":"http:\/\/www.rilke.ch\/index.php?rest_route=\/wp\/v2\/pages"}],"about":[{"href":"http:\/\/www.rilke.ch\/index.php?rest_route=\/wp\/v2\/types\/page"}],"author":[{"embeddable":true,"href":"http:\/\/www.rilke.ch\/index.php?rest_route=\/wp\/v2\/users\/1"}],"replies":[{"embeddable":true,"href":"http:\/\/www.rilke.ch\/index.php?rest_route=%2Fwp%2Fv2%2Fcomments&post=1942"}],"version-history":[{"count":5,"href":"http:\/\/www.rilke.ch\/index.php?rest_route=\/wp\/v2\/pages\/1942\/revisions"}],"predecessor-version":[{"id":2014,"href":"http:\/\/www.rilke.ch\/index.php?rest_route=\/wp\/v2\/pages\/1942\/revisions\/2014"}],"wp:attachment":[{"href":"http:\/\/www.rilke.ch\/index.php?rest_route=%2Fwp%2Fv2%2Fmedia&parent=1942"}],"curies":[{"name":"wp","href":"https:\/\/api.w.org\/{rel}","templated":true}]}}

<p class="has-large-font-size"><strong>Rilke im Archiv</strong></p>



<p class="has-medium-font-size"><strong>18.-20. September 2026, Deutsches Literaturarchiv Marbach</strong></p>



<p><strong>Unsere Mitglieder und alle Interessierten sind herzlich zur Teilnahme eingeladen!</strong></p>



<p><strong>Programm</strong></p>



<p>Im Herbst 2022 ist das im Besitz der Familie Sieber-Rilke befindliche Rilke-Archiv aus Gernsbach ins Deutsche Literaturarchiv Marbach gekommen. Sandra Richter hat uns auf dem Rilke-Treffen 2023 in Sierre einen ersten Einblick in den umfangreichen Bestand gegeben, 2024 wurden wir in Hermannsburg von Martina Stecker über den Stand der Erschließung informiert und 2025 in Prag konnten bereits mehrere Vortragende mit dem Archivmaterial arbeiten, darunter Ulrich von Bülow im Hinblick auf Rilkes philosophische Studien. Zudem hat uns Sandra Richter erste Publikationen vorgestellt, die auf den Bestand zurückgehen. Mittlerweile ist die Erschließung abgeschlossen – ein guter Zeitpunkt, so scheint uns, mit der Rilke-Gesellschaft nach Marbach zu kommen, um sich vor Ort einen Überblick verschaffen und einige der Rilke-Schätze genauer kennenlernen zu können. Dazu lädt auch die große Ausstellung ‚Und dann und wann ein weißer Elefant. Rilkes Welten‘ im Marbacher Literaturmuseum der Moderne ein, die zu Rilkes 150. Geburtstag am 4. Dezember 2025 eröffnet worden ist und während unseres Treffens besucht werden kann.</p>



<p>Eröffnet wird das Programm am Freitagabend von Lesung und Gespräch mit der <strong>Schriftstellerin Julia Franck</strong>, die sich in ihrem aktuellen Buch „Ich ertrinke in den Wassern meiner eigenen Liebe“ mit Baladine Klossowska und deren Beziehung zu Rilke beschäftigt. Am Samstag und Sonntag bieten wie – wie immer auf den Rilke-Treffen – Vorträge und Workshops an. Zum Abschluss wird uns <strong>Vera Hildenbrandt</strong> einen Einblick in die Konzeption der aktuellen Rilke-Ausstellung geben. Die in den Vorträgen und Workshops behandelten Texte werden von <strong>Benjamin Krutzky</strong> in einer kleinen <strong>Tagungsbroschüre</strong> zusammengestellt, die alle Angemeldeten noch vor der Tagung erreicht.</p>



<p>Am Samstagnachmittag wird uns eine kleine <strong>Exkursion zum Schloss Beilstein</strong> führen, das um 1900 im Besitz der Familie Vollmoeller war, aus deren Kreis Rilke insbesondere mit der Malerin Mathilde Vollmoeller in engem Kontakt stand. Nach einer Führung wird es dort ein dreigängiges Abendessen geben, für das die Kosten 30 € betragen (inkl. Wasser und Bustransfer). Die Teilnahme an der Exkursion wird im Formular zur Tagungsanmeldung abgefragt. Für die Organisation danken wir <strong>Alfred Hagemann</strong> sehr herzlich!</p>



<p>Vor Beginn und nach Abschluss unseres Treffens wird es die Möglichkeit geben, an <strong>Führungen durch das DLA sowie durch die Rilke-Ausstellung</strong> teilzunehmen. Die Informationen zur Anmeldung für die Führungen erhalten Sie im Mai in einer Rundmail.</p>



<p>Das Programm finden Sie <a href="http://www.rilke.ch/wordpress/wp-content/uploads/Rilke-Treffen-2026_Programm_Stand_Maerz-2026.pdf" data-type="link" data-id="http://www.rilke.ch/wordpress/wp-content/uploads/Rilke-Treffen-2026_Programm_Stand_Maerz-2026.pdf">hier</a>.</p>



<p><strong>Anreise</strong></p>



<p>Sie können das DLA Marbach gut mit <strong>öffentlichen Verkehrsmitteln</strong> erreichen. Ab Stuttgart Hbf fahren Sie mit der S-Bahnlinie 4 (Richtung Marbach / Backnang) bis Marbach, Fahrzeit: ca. 30 Minuten. Ab Bahnhof Marbach mit Buslinie 457 (Richtung Hörnle) bis Haltestelle ‚Schillerhöhe‘ Fahrtzeit ca. 5 Minuten. Das Archivgebäude und die Literaturmuseen befinden sich in ca. 200 m Entfernung, der Fußweg ist ausgeschildert. Wer mit dem <strong>Auto</strong> anreist, findet Parkmöglichkeiten vor dem Archivgebäude und in der Umgebung.</p>



<p><strong>Unterbringung</strong></p>



<p>Das <strong>Parkhotel Schillerhöhe </strong>(<a href="http://www.parkhotel-schillerhoehe.de">www.parkhotel-schillerhoehe.de</a>), das sich in unmittelbarer Nähe des DLA befindet, hat uns ein begrenztes Kontingent mit Sonderkonditionen zur Verfügung gestellt. Die Kosten – inkl. Frühstück und Parkplatz – betragen für ein Einzelzimmer 105 €, für ein Doppelzimmer 155 €. Falls Sie diese Option nutzen möchten, melden Sie sich bitte bis zum 30. April mit dem Stichwort ‚Rilke-Gesellschaft‘ direkt im Hotel (07144/905-0, Email: <a href="mailto:info@parkhotel-schillerhoehe.de">info@parkhotel-schillerhoehe.de</a>). Insbesondere für Studierende und Promovierende bietet das DLA eine Unterbringung im <strong>Collegienhaus</strong> an (45 € im EZ, für Studierende 32 €, ohne Frühstück), Infos unter <a href="https://www.dla-marbach.de/service/unterkunft-im-collegienhaus/">https://www.dla-marbach.de/service/unterkunft-im-collegienhaus/</a>. Bitte melden Sie sich bei Interesse bis zum 30. April unter Angabe des Stichwortes ‚Rilke-Gesellschaft‘ unter <a href="mailto:collegienhaus@dla-marbach.de">collegienhaus@dla-marbach.de</a> an.<br><strong>Weitere Übernachtungsmöglichkeiten</strong> in der Nähe finden Sie in einer Hotelübersicht <a href="http://www.rilke.ch/wordpress/wp-content/uploads/Unterkuenfte-Marbach-und-Umgebung.pdf" data-type="link" data-id="http://www.rilke.ch/wordpress/wp-content/uploads/Unterkuenfte-Marbach-und-Umgebung.pdf">hier</a>. </p>



<p><strong>Tagungsgebühren &amp; Anmeldung</strong></p>



<p>Die<strong> Tagungsgebühren </strong>betragen:</p>



<ul class="wp-block-list">
<li>für Mitglieder: 70 € (Doppelmitglieder 110 €)</li>



<li>für Nichtmitglieder: 90 € (Paare 130 €)</li>



<li>für Studierende/Promovierende/befristet Beschäftigte/Erwerbslose etc.: 20 €</li>
</ul>



<p>Da die<strong> Zahl der Teilnehmenden auf 60 begrenzt</strong> ist, empfehlen wir Ihnen eine rechtzeitige Anmeldung. Die <strong>Anmeldung </strong>erfolgt ausschließlich online und ist <strong>bi</strong><strong>s zum 30.6. freigeschaltet</strong>; sie gilt, sobald Sie die Tagungsgebühr sowie (falls Sie Mitglied der Rilke-Gesellschaft sind) den Jahresbeitrag für 2026 überwiesen haben. Bei einer <strong>Stornierung vor dem 4.9.</strong> können wir Ihnen 50% der Gebühr zurückerstatten, danach leider nicht mehr. Bitte überweisen Sie den Tagungsbeitrag (gegebenenfalls plus 30 € für das Abendessen am Samstag) auf das folgende Konto:</p>



<p>Postbank Hamburg<br>IBAN: DE 20 6001 0070 0001 8547 09<br>BIC: PBNKDEFF</p>



<p>Zur Anmeldung geht es <a href="https://docs.google.com/forms/d/e/1FAIpQLSdXF9uWr_P2GhjS8SIq50As1Oe7eexkpqlWR4XCbv011Uf8Sw/viewform?usp=dialog" data-type="link" data-id="https://docs.google.com/forms/d/e/1FAIpQLSdXF9uWr_P2GhjS8SIq50As1Oe7eexkpqlWR4XCbv011Uf8Sw/viewform?usp=dialog">hier</a>.</p>



<p>Bei <strong>Fragen</strong> wenden Sie sich bitte an Renate Breuninger (<a href="mailto:sekretariat@rilke.ch">sekretariat@rilke.ch</a>).</p>



<p>Wir freuen uns auf die Tage mit Ihnen!</p>



<p></p>
